{"id":121,"date":"2015-08-10T08:31:17","date_gmt":"2015-08-10T08:31:17","guid":{"rendered":"http:\/\/schule-wielandstrasse.schulhomepages.hamburg.de\/?page_id=121"},"modified":"2019-11-14T17:08:02","modified_gmt":"2019-11-14T17:08:02","slug":"family-literacy-fly","status":"publish","type":"page","link":"https:\/\/schule-wielandstrasse.hamburg.de\/?page_id=121","title":{"rendered":"Family Literacy (Fly)"},"content":{"rendered":"<p>Seit dem Schuljahr 2011\/12 findet an unserer Schule das Hamburger Sprachf\u00f6rderkonzept \u201eFamily Literacy&#8220; (FLY) in der Vorschulklasse statt. FLY ist ein generationen\u00fcbergreifender Ansatz zur F\u00f6rderung der Literalit\u00e4t der Familien.<br \/>\nEinmal im Monat kommen Eltern gemeinsam mit Ihren Kindern in die Schule und nehmen zwei Schulstunden lang am Unterricht mit teil. Durch die Vernetzung von Elternhaus und Schule wollen wir gemeinsam durch Spiele, Lieder und Aktivit\u00e4ten Kinder besser f\u00fcr die Schule vorbereiten.<br \/>\nDie bisherigen Erfahrungen zeigen eine engagierte Elternschaft, die sich gerne und zahlreich am Unterrichtsgeschehen Ihrer Kinder aktiv beteiligt. Der rege Austausch zwischen den Eltern untereinander, mit den Lehrern und das Kennenlernen der eigenen Kinder in der Gruppe f\u00f6rdert die Zusammenarbeit.<\/p>\n<p><a href=\"http:\/\/li.hamburg.de\/family-literacy\/\">Hier<\/a> findet man mehr Infos<\/p>\n<p><a href=\"http:\/\/li.hamburg.de\/family-literacy\/\"><img loading=\"lazy\" decoding=\"async\" class=\" size-full wp-image-122 alignleft\" src=\"https:\/\/schule-wielandstrasse.hamburg.de\/wp-content\/uploads\/sites\/121\/2015\/08\/3__2logo_FLY_Teaser.jpg\" alt=\"3__2logo_FLY_Teaser\" width=\"188\" height=\"111\"><\/a><\/p>\n","protected":false},"excerpt":{"rendered":"<p>Seit dem Schuljahr 2011\/12 findet an unserer Schule das Hamburger Sprachf\u00f6rderkonzept \u201eFamily Literacy&#8220; (FLY) in der Vorschulklasse statt. FLY ist ein generationen\u00fcbergreifender Ansatz zur F\u00f6rderung der Literalit\u00e4t der Familien. Einmal im Monat kommen Eltern gemeinsam mit Ihren Kindern in die Schule und nehmen zwei Schulstunden lang am Unterricht mit teil. Durch die Vernetzung von Elternhaus &hellip; <a href=\"https:\/\/schule-wielandstrasse.hamburg.de\/?page_id=121\" class=\"more-link\"><span class=\"screen-reader-text\">Family Literacy (Fly)<\/span> weiterlesen <span class=\"meta-nav\">&rarr;<\/span><\/a><\/p>\n","protected":false},"author":188,"featured_media":603,"parent":49,"menu_order":0,"comment_status":"closed","ping_status":"closed","template":"","meta":{"_acf_changed":false,"footnotes":""},"class_list":["post-121","page","type-page","status-publish","has-post-thumbnail","hentry"],"acf":[],"_links":{"self":[{"href":"https:\/\/schule-wielandstrasse.hamburg.de\/index.php?rest_route=\/wp\/v2\/pages\/121","targetHints":{"allow":["GET"]}}],"collection":[{"href":"https:\/\/schule-wielandstrasse.hamburg.de\/index.php?rest_route=\/wp\/v2\/pages"}],"about":[{"href":"https:\/\/schule-wielandstrasse.hamburg.de\/index.php?rest_route=\/wp\/v2\/types\/page"}],"author":[{"embeddable":true,"href":"https:\/\/schule-wielandstrasse.hamburg.de\/index.php?rest_route=\/wp\/v2\/users\/188"}],"replies":[{"embeddable":true,"href":"https:\/\/schule-wielandstrasse.hamburg.de\/index.php?rest_route=%2Fwp%2Fv2%2Fcomments&post=121"}],"version-history":[{"count":1,"href":"https:\/\/schule-wielandstrasse.hamburg.de\/index.php?rest_route=\/wp\/v2\/pages\/121\/revisions"}],"predecessor-version":[{"id":583,"href":"https:\/\/schule-wielandstrasse.hamburg.de\/index.php?rest_route=\/wp\/v2\/pages\/121\/revisions\/583"}],"up":[{"embeddable":true,"href":"https:\/\/schule-wielandstrasse.hamburg.de\/index.php?rest_route=\/wp\/v2\/pages\/49"}],"wp:featuredmedia":[{"embeddable":true,"href":"https:\/\/schule-wielandstrasse.hamburg.de\/index.php?rest_route=\/wp\/v2\/media\/603"}],"wp:attachment":[{"href":"https:\/\/schule-wielandstrasse.hamburg.de\/index.php?rest_route=%2Fwp%2Fv2%2Fmedia&parent=121"}],"curies":[{"name":"wp","href":"https:\/\/api.w.org\/{rel}","templated":true}]}}