{"id":161,"date":"2015-08-10T12:23:28","date_gmt":"2015-08-10T12:23:28","guid":{"rendered":"http:\/\/schule-wielandstrasse.schulhomepages.hamburg.de\/?page_id=161"},"modified":"2026-03-17T21:38:52","modified_gmt":"2026-03-17T20:38:52","slug":"elterninformationen","status":"publish","type":"page","link":"https:\/\/schule-wielandstrasse.hamburg.de\/?page_id=161","title":{"rendered":"Elterninformationen"},"content":{"rendered":"<p><strong>\u00d6ffnungszeiten Schulsekretariat &nbsp; &nbsp; &nbsp; &nbsp; &nbsp; &nbsp; &nbsp; &nbsp; &nbsp; &nbsp; &nbsp; &nbsp; &nbsp; &nbsp; &nbsp; &nbsp; &nbsp; &nbsp; &nbsp; &nbsp; &nbsp; &nbsp; &nbsp; &nbsp; &nbsp; &nbsp; &nbsp;<\/strong><\/p>\n<p>Montag bis Donnerstag 07:45h bis 10:30h&nbsp;und&nbsp;11:30h bis 14:00h<br \/>\nFreitag von&nbsp;08:00h bis 10:00h<\/p>\n<p>oder nach Vereinbarung<\/p>\n<p>E-Mail: <a href=\"mailto:schule-wielandstrasse@bsb.hamburg.de\">schule-wielandstrasse@bsfb.hamburg.de<\/a><\/p>\n<div class=\"maintext\">\n<p><strong>Abmelden des Kindes im Krankheitsfall:&nbsp;<\/strong>Melden Sie Ihr Kind, bereits am ersten Krankheitstag, bei Frau Gust telefonisch unter 040\/4 28 86 18 0 bis 07.30 Uhr im Sekretrariat ab!<\/p>\n<p><strong>Anmelderunden f\u00fcr das Schuljahr 2023\/24 &nbsp; &nbsp; &nbsp; &nbsp; &nbsp; &nbsp; &nbsp; &nbsp; &nbsp; &nbsp; &nbsp; &nbsp; &nbsp; &nbsp; &nbsp; &nbsp; &nbsp; &nbsp; &nbsp;&nbsp;<\/strong><\/p>\n<p>Der Anmeldezeitraum f\u00fcr das Schuljahr 23\/24 f\u00fcr die Erstkl\u00e4ssler ist im Januar.<\/p>\n<ul>\n<li>der Anmeldezeitraum f\u00fcr das Schuljahr 23\/24 f\u00fcr die Klasse 5 ist im Februar.<\/li>\n<\/ul>\n<p>Eltern, deren Kinder zum 1. August 2023 &nbsp;schulpflichtig werden, erhalten im Rahmen der Anmelderunde f\u00fcr die Erstkl\u00e4ssler im Januar ein Einladungsschreiben von ihrer regional zust\u00e4ndigen Schule.<\/p>\n<p><a href=\"https:\/\/schule-wielandstrasse.hamburg.de\/wp-content\/uploads\/sites\/121\/2019\/03\/flyer_innen_12_2018_neu.pdf\">Schulflyer Innenseite<\/a><\/p>\n<p><a href=\"https:\/\/schule-wielandstrasse.hamburg.de\/wp-content\/uploads\/sites\/121\/2019\/03\/flyer_aussen_12_2018_neu.pdf\">Schulflyer Au\u00dfenseite<\/a><\/p>\n<p><a href=\"http:\/\/www.kmk.org\/ferienkalender.html\">Ferienkalender des Kultusministeriums<\/a><\/p>\n<p><a href=\"http:\/\/www.hamburg.de\/contentblob\/64534\/data\/bbs-br-zum-schulanfang-11-07.pdf\">Informationen der Schulbeh\u00f6rde zum Schulanfang&nbsp;<\/a><\/p>\n<p><a href=\"https:\/\/schule-wielandstrasse.hamburg.de\/wp-content\/uploads\/sites\/121\/2015\/08\/Elternratgeber-Wir-reden-mit.pdf\">Elternratgeber: Wir reden mit<\/a><\/p>\n<p><a href=\"http:\/\/www.hamburg.de\/bsb\/publikationen-a-z\/\">Informationsbrosch\u00fcren &nbsp;der Schulbeh\u00f6rde<\/a><\/p>\n<p>Nicht nur zu allen \u00f6ffentlichen Veranstaltungen tragen wir gerne unsere <a href=\"https:\/\/schule-wielandstrasse.hamburg.de\/?page_id=141\">Wielandshirts<\/a>.- Sondern auch im Sportunterricht.<\/p>\n<p>&nbsp;<\/p>\n<\/div>\n","protected":false},"excerpt":{"rendered":"<p>\u00d6ffnungszeiten Schulsekretariat &nbsp; &nbsp; &nbsp; &nbsp; &nbsp; &nbsp; &nbsp; &nbsp; &nbsp; &nbsp; &nbsp; &nbsp; &nbsp; &nbsp; &nbsp; &nbsp; &nbsp; &nbsp; &nbsp; &nbsp; &nbsp; &nbsp; &nbsp; &nbsp; &nbsp; &nbsp; &nbsp; Montag bis Donnerstag 07:45h bis 10:30h&nbsp;und&nbsp;11:30h bis 14:00h Freitag von&nbsp;08:00h bis 10:00h oder nach Vereinbarung E-Mail: schule-wielandstrasse@bsfb.hamburg.de Abmelden des Kindes im Krankheitsfall:&nbsp;Melden Sie Ihr Kind, bereits &hellip; <a href=\"https:\/\/schule-wielandstrasse.hamburg.de\/?page_id=161\" class=\"more-link\"><span class=\"screen-reader-text\">Elterninformationen<\/span> weiterlesen <span class=\"meta-nav\">&rarr;<\/span><\/a><\/p>\n","protected":false},"author":188,"featured_media":428,"parent":0,"menu_order":0,"comment_status":"closed","ping_status":"closed","template":"","meta":{"_acf_changed":false,"footnotes":""},"class_list":["post-161","page","type-page","status-publish","has-post-thumbnail","hentry"],"acf":[],"_links":{"self":[{"href":"https:\/\/schule-wielandstrasse.hamburg.de\/index.php?rest_route=\/wp\/v2\/pages\/161","targetHints":{"allow":["GET"]}}],"collection":[{"href":"https:\/\/schule-wielandstrasse.hamburg.de\/index.php?rest_route=\/wp\/v2\/pages"}],"about":[{"href":"https:\/\/schule-wielandstrasse.hamburg.de\/index.php?rest_route=\/wp\/v2\/types\/page"}],"author":[{"embeddable":true,"href":"https:\/\/schule-wielandstrasse.hamburg.de\/index.php?rest_route=\/wp\/v2\/users\/188"}],"replies":[{"embeddable":true,"href":"https:\/\/schule-wielandstrasse.hamburg.de\/index.php?rest_route=%2Fwp%2Fv2%2Fcomments&post=161"}],"version-history":[{"count":8,"href":"https:\/\/schule-wielandstrasse.hamburg.de\/index.php?rest_route=\/wp\/v2\/pages\/161\/revisions"}],"predecessor-version":[{"id":10467,"href":"https:\/\/schule-wielandstrasse.hamburg.de\/index.php?rest_route=\/wp\/v2\/pages\/161\/revisions\/10467"}],"wp:featuredmedia":[{"embeddable":true,"href":"https:\/\/schule-wielandstrasse.hamburg.de\/index.php?rest_route=\/wp\/v2\/media\/428"}],"wp:attachment":[{"href":"https:\/\/schule-wielandstrasse.hamburg.de\/index.php?rest_route=%2Fwp%2Fv2%2Fmedia&parent=161"}],"curies":[{"name":"wp","href":"https:\/\/api.w.org\/{rel}","templated":true}]}}