{"id":235,"date":"2016-02-10T20:43:56","date_gmt":"2016-02-10T20:43:56","guid":{"rendered":"http:\/\/schule-wielandstrasse.schulhomepages.hamburg.de\/?page_id=235"},"modified":"2022-01-29T18:32:41","modified_gmt":"2022-01-29T18:32:41","slug":"die-sardinenverbrennung","status":"publish","type":"page","link":"https:\/\/schule-wielandstrasse.hamburg.de\/?page_id=235","title":{"rendered":"Die Sardinenverbrennung"},"content":{"rendered":"<h2>Jedes Land hat seine Traditionen zum Aschermittwoch und sagt dem Karneval auf eine andere Weise &#8222;bis zum n\u00e4chsten Jahr&#8220;.<\/h2>\n<p><strong>ENTIERRO DE LA SARDINA&nbsp;<\/strong><\/p>\n<p><span style=\"line-height: 1.5\">El entierro de la sardina es la fiesta con la que en Espa\u00f1a se despide el carnaval.<\/span><\/p>\n<p>Consiste en un desfile por las calles de la ciudad o pueblo, en el que la gente se disfraza, por ejemplo de viudo o viuda, y hacen que lloran y lamentan la muerte de una gran sardina, que se sit\u00faa delante del desfile. Al final se quema la sardina.<br \/>\nEl entierro de la sardina se celebra el mi\u00e9rcoles de ceniza, que marca el inicio de la cuaresma para los cristianos.<br \/>\nTodos los ni\u00f1os, vestidos con ropa oscura, formar\u00e1n un gran c\u00edrculo en el patio. Los alumnos de la clase 4b desfilar\u00e1n con la sardina y la llevar\u00e1n al centro del c\u00edrculo donde fue quemada.<br \/>\n<strong>DIE BEERDIGUNG DER SARDINE&nbsp;<\/strong><br \/>\nDie &#8222;Beerdigung der Sardine&#8220; ist ein Spanisches Fest und markiert &nbsp;das Ende der Faschingszeit.<br \/>\nEs handelt sich dabei um eine Parade durch die Stra\u00dfen der St\u00e4dte und D\u00f6rfer, bei der man sich als Witwer oder Witwe verkleidet. Man weint und bedauert den Tod einer gro\u00dfen Sardine, die die Parade anf\u00fchrt. Am Ende wird die Sardine verbrennen.<br \/>\nDie Beerdigung der Sardine wird am Aschermittwoch gefeiert. Dies ist f\u00fcr die Christen der Anfang der Fastenzeit.<br \/>\n&nbsp;Alle Kinder tragen an diesem Tag bitte dunkle Klamotten . Anschlie\u00dfend haben sie einen gro\u00dfen Kreis gebildet. Die Sch\u00fcler der Klasse 4b sind mit der Sardine herausgekommen, die in der Mitte des Kreises verbrannt worden ist.<\/p>\n<div id='gallery-1' class='gallery galleryid-235 gallery-columns-3 gallery-size-thumbnail'><figure class='gallery-item'>\n\t\t\t<div class='gallery-icon landscape'>\n\t\t\t\t<a href='https:\/\/schule-wielandstrasse.hamburg.de\/wp-content\/uploads\/sites\/121\/2016\/02\/IMG_2082.jpg' title=\"\" data-rl_title=\"\" class=\"rl-gallery-link\" data-rl_caption=\"\" data-rel=\"lightbox-gallery-1\"><img loading=\"lazy\" decoding=\"async\" width=\"150\" height=\"150\" src=\"https:\/\/schule-wielandstrasse.hamburg.de\/wp-content\/uploads\/sites\/121\/2016\/02\/IMG_2082-150x150.jpg\" class=\"attachment-thumbnail size-thumbnail\" alt=\"\" aria-describedby=\"gallery-1-793\" \/><\/a>\n\t\t\t<\/div>\n\t\t\t\t<figcaption class='wp-caption-text gallery-caption' id='gallery-1-793'>\n\t\t\t\tdie Sardine wird zum Feuer getragen\n\t\t\t\t<\/figcaption><\/figure><figure class='gallery-item'>\n\t\t\t<div class='gallery-icon landscape'>\n\t\t\t\t<a href='https:\/\/schule-wielandstrasse.hamburg.de\/wp-content\/uploads\/sites\/121\/2016\/02\/IMG_2095.jpg' title=\"\" data-rl_title=\"\" class=\"rl-gallery-link\" data-rl_caption=\"\" data-rel=\"lightbox-gallery-1\"><img loading=\"lazy\" decoding=\"async\" width=\"150\" height=\"150\" src=\"https:\/\/schule-wielandstrasse.hamburg.de\/wp-content\/uploads\/sites\/121\/2016\/02\/IMG_2095-150x150.jpg\" class=\"attachment-thumbnail size-thumbnail\" alt=\"\" aria-describedby=\"gallery-1-792\" \/><\/a>\n\t\t\t<\/div>\n\t\t\t\t<figcaption class='wp-caption-text gallery-caption' id='gallery-1-792'>\n\t\t\t\tdie Sardine ist verbrannt\n\t\t\t\t<\/figcaption><\/figure><figure class='gallery-item'>\n\t\t\t<div class='gallery-icon landscape'>\n\t\t\t\t<a href='https:\/\/schule-wielandstrasse.hamburg.de\/wp-content\/uploads\/sites\/121\/2016\/02\/IMG_2091.jpg' title=\"\" data-rl_title=\"\" class=\"rl-gallery-link\" data-rl_caption=\"\" data-rel=\"lightbox-gallery-1\"><img loading=\"lazy\" decoding=\"async\" width=\"150\" height=\"150\" src=\"https:\/\/schule-wielandstrasse.hamburg.de\/wp-content\/uploads\/sites\/121\/2016\/02\/IMG_2091-150x150.jpg\" class=\"attachment-thumbnail size-thumbnail\" alt=\"\" aria-describedby=\"gallery-1-791\" \/><\/a>\n\t\t\t<\/div>\n\t\t\t\t<figcaption class='wp-caption-text gallery-caption' id='gallery-1-791'>\n\t\t\t\tdie Sardine wird angez\u00fcndet\n\t\t\t\t<\/figcaption><\/figure>\n\t\t<\/div>\n\n","protected":false},"excerpt":{"rendered":"<p>Jedes Land hat seine Traditionen zum Aschermittwoch und sagt dem Karneval auf eine andere Weise &#8222;bis zum n\u00e4chsten Jahr&#8220;. ENTIERRO DE LA SARDINA&nbsp; El entierro de la sardina es la fiesta con la que en Espa\u00f1a se despide el carnaval. Consiste en un desfile por las calles de la ciudad o pueblo, en el que &hellip; <a href=\"https:\/\/schule-wielandstrasse.hamburg.de\/?page_id=235\" class=\"more-link\"><span class=\"screen-reader-text\">Die Sardinenverbrennung<\/span> weiterlesen <span class=\"meta-nav\">&rarr;<\/span><\/a><\/p>\n","protected":false},"author":188,"featured_media":789,"parent":0,"menu_order":0,"comment_status":"closed","ping_status":"closed","template":"","meta":{"_acf_changed":false,"footnotes":""},"class_list":["post-235","page","type-page","status-publish","has-post-thumbnail","hentry"],"acf":[],"_links":{"self":[{"href":"https:\/\/schule-wielandstrasse.hamburg.de\/index.php?rest_route=\/wp\/v2\/pages\/235","targetHints":{"allow":["GET"]}}],"collection":[{"href":"https:\/\/schule-wielandstrasse.hamburg.de\/index.php?rest_route=\/wp\/v2\/pages"}],"about":[{"href":"https:\/\/schule-wielandstrasse.hamburg.de\/index.php?rest_route=\/wp\/v2\/types\/page"}],"author":[{"embeddable":true,"href":"https:\/\/schule-wielandstrasse.hamburg.de\/index.php?rest_route=\/wp\/v2\/users\/188"}],"replies":[{"embeddable":true,"href":"https:\/\/schule-wielandstrasse.hamburg.de\/index.php?rest_route=%2Fwp%2Fv2%2Fcomments&post=235"}],"version-history":[{"count":2,"href":"https:\/\/schule-wielandstrasse.hamburg.de\/index.php?rest_route=\/wp\/v2\/pages\/235\/revisions"}],"predecessor-version":[{"id":4653,"href":"https:\/\/schule-wielandstrasse.hamburg.de\/index.php?rest_route=\/wp\/v2\/pages\/235\/revisions\/4653"}],"wp:featuredmedia":[{"embeddable":true,"href":"https:\/\/schule-wielandstrasse.hamburg.de\/index.php?rest_route=\/wp\/v2\/media\/789"}],"wp:attachment":[{"href":"https:\/\/schule-wielandstrasse.hamburg.de\/index.php?rest_route=%2Fwp%2Fv2%2Fmedia&parent=235"}],"curies":[{"name":"wp","href":"https:\/\/api.w.org\/{rel}","templated":true}]}}