{"id":4832,"date":"2022-03-31T15:35:00","date_gmt":"2022-03-31T15:35:00","guid":{"rendered":"https:\/\/schule-wielandstrasse.hamburg.de\/?page_id=4832"},"modified":"2026-02-28T12:19:08","modified_gmt":"2026-02-28T11:19:08","slug":"wielandnews","status":"publish","type":"page","link":"https:\/\/schule-wielandstrasse.hamburg.de\/?page_id=4832","title":{"rendered":"Wieland-News"},"content":{"rendered":"<p><strong>Hier erfahren Sie aktuelles aus der Schule:<\/strong><\/p>\n<p><a href=\"https:\/\/schule-wielandstrasse.hamburg.de\/wp-content\/uploads\/sites\/121\/2026\/02\/Februar_2026_Wielandstrassen-News_Elterninformation_komprimiert.pdf\">Februar_2026_Wielandstra\u00dfen-News_Elterninformation<\/a><\/p>\n<p><a href=\"https:\/\/schule-wielandstrasse.hamburg.de\/wp-content\/uploads\/sites\/121\/2026\/01\/Januar_2026_Wielandstrassen-News_Elterninformation.pdf\">Januar_2026_Wielandstra\u00dfen-News_Elterninformation<\/a><\/p>\n<p><a href=\"https:\/\/schule-wielandstrasse.hamburg.de\/wp-content\/uploads\/sites\/121\/2026\/01\/Dezember_2025_Wielandstrassen-News_Elterninformation_komprimiert.pdf\">Dezember_2025_Wielandstra\u00dfen-News_Elterninformation<\/a><\/p>\n<p><a href=\"https:\/\/schule-wielandstrasse.hamburg.de\/wp-content\/uploads\/sites\/121\/2025\/10\/November_2025_Wielandstrassen-News_Elterninformation.pdf\">November_2025_Wielandstra\u00dfen-News_Elterninformation<\/a><\/p>\n<p><a href=\"https:\/\/schule-wielandstrasse.hamburg.de\/wp-content\/uploads\/sites\/121\/2025\/10\/Oktober_2025_Wielandstrassen-News_Elterninformation.pdf\">Oktober_2025_Wielandstra\u00dfen-News_Elterninformation<\/a><\/p>\n<p><a href=\"https:\/\/schule-wielandstrasse.hamburg.de\/wp-content\/uploads\/sites\/121\/2025\/11\/September_2025_Wielandstrassen-News_Elterninformation.pdf\">September_2025_Wielandstra\u00dfen-News_Elterninformation<\/a><\/p>\n<p><a href=\"https:\/\/schule-wielandstrasse.hamburg.de\/wp-content\/uploads\/sites\/121\/2025\/11\/Juli_2025_Wielandstrassen-News_Elterninformation.pdf\">Juli_2025_Wielandstra\u00dfen-News_Elterninformation<\/a><\/p>\n<p><a href=\"https:\/\/schule-wielandstrasse.hamburg.de\/wp-content\/uploads\/sites\/121\/2025\/11\/Juni_2025_Wielandstrassen-News_Elterninformation.pdf\">Juni_2025_Wielandstra\u00dfen-News_Elterninformation<\/a><\/p>\n<p><a href=\"https:\/\/schule-wielandstrasse.hamburg.de\/wp-content\/uploads\/sites\/121\/2025\/11\/Mai_2025_Wielandstrassen-News_Elterninformation.pdf\">Mai_2025_Wielandstra\u00dfen-News_Elterninformation<\/a><\/p>\n<p><a href=\"https:\/\/schule-wielandstrasse.hamburg.de\/wp-content\/uploads\/sites\/121\/2025\/03\/April_2025_Wielandstrassen-News_Elterninformation_komprimiert.pdf\">April_2025_Wielandstra\u00dfen-News_Elterninformation_komprimiert<\/a><\/p>\n<p><a href=\"https:\/\/schule-wielandstrasse.hamburg.de\/wp-content\/uploads\/sites\/121\/2025\/03\/Maerz_2025_Wielandstrassen-News_Elterninformation.pdf\">M\u00e4rz_2025_Wielandstra\u00dfen-News_Elterninformation<\/a><\/p>\n<p><a href=\"https:\/\/schule-wielandstrasse.hamburg.de\/wp-content\/uploads\/sites\/121\/2025\/03\/Februar_2025_Wielandstrassen-News_Elterninformation.pdf\">Februar_2025_Wielandstra\u00dfen-News_Elterninformation<\/a><\/p>\n<p><a href=\"https:\/\/schule-wielandstrasse.hamburg.de\/wp-content\/uploads\/sites\/121\/2024\/12\/Januar_2025_Wielandstrassen-News_Elterninformation_komprimiert.pdf\">Januar_2025_Wielandstra\u00dfen-News_<\/a><\/p>\n<p><a href=\"https:\/\/schule-wielandstrasse.hamburg.de\/wp-content\/uploads\/sites\/121\/2024\/12\/Dezember_Ausklang_2024_Wielandstrassen-News_Elterninformation_komprimiert.pdf\">Dezember_Ausklang_2024_Wielandstra\u00dfen-News<\/a><\/p>\n<p><a href=\"https:\/\/schule-wielandstrasse.hamburg.de\/wp-content\/uploads\/sites\/121\/2024\/10\/Dez_2024_Wielandstrassen-News_Elterninformation_komprimiert.pdf\">Dez_2024_Wielandstra\u00dfen-News_Elterninformation_komprimiert<\/a><\/p>\n<p><a href=\"https:\/\/schule-wielandstrasse.hamburg.de\/wp-content\/uploads\/sites\/121\/2024\/12\/Okt-Nov_2024_Wielandstrassen-News_Elterninformation.pdf\">Okt-Nov_2024_Wielandstra\u00dfen-News_Elterninformation<\/a><\/p>\n<p><a href=\"https:\/\/schule-wielandstrasse.hamburg.de\/wp-content\/uploads\/sites\/121\/2024\/10\/Okt_2024_Wielandstrassen-News_Elterninformation.pdf\">Okt_2024_Wielandstra\u00dfen-News_Elterninformation<\/a><\/p>\n<p><a href=\"https:\/\/schule-wielandstrasse.hamburg.de\/wp-content\/uploads\/sites\/121\/2024\/09\/Sep-Okt_2024_Wielandstrassen-News_Elterninformation_komprimiert.pdf\">Sep-Okt_2024_Wielandstra\u00dfen-News_Elterninformation<\/a><\/p>\n<p><a href=\"https:\/\/schule-wielandstrasse.hamburg.de\/wp-content\/uploads\/sites\/121\/2024\/07\/Aug-Sep_2024_Wielandstrassen-News_Elterninformation_komprimiert.pdf\">Aug-Sep_2024_Wielandstra\u00dfen-News_Elterninformation_<\/a><\/p>\n<p><strong><a href=\"https:\/\/schule-wielandstrasse.hamburg.de\/wp-content\/uploads\/sites\/121\/2024\/06\/Juli_2024_Wielandstrassen-News_Elterninformation.pdf\">Juli_2024_Wielandstra\u00dfen-News_Elterninformation<\/a><\/strong><\/p>\n<p><a href=\"https:\/\/schule-wielandstrasse.hamburg.de\/wp-content\/uploads\/sites\/121\/2024\/05\/Juni_2024_Wielandstrassen-News_Elterninformation_komprimiert.pdf\">Juni_2024_Wielandstra\u00dfen-News_Elterninformation_komprimiert<\/a><\/p>\n<p><a href=\"https:\/\/schule-wielandstrasse.hamburg.de\/wp-content\/uploads\/sites\/121\/2024\/04\/Mai_2024_Wielandstrassen-News_Elterninformation.komprimiert.pdf\">Mai_2024_Wielandstra\u00dfen-News_Elterninformation.komprimiert<\/a><\/p>\n<p><a href=\"https:\/\/schule-wielandstrasse.hamburg.de\/wp-content\/uploads\/sites\/121\/2024\/04\/April_2024_Wielandstrassen-News_Elterninformation-_komprimiert.pdf\">April_2024_Wielandstra\u00dfen-News_Elterninformation _komprimiert<\/a><\/p>\n<p><a href=\"https:\/\/schule-wielandstrasse.hamburg.de\/wp-content\/uploads\/sites\/121\/2024\/03\/Kurze_April-Info_2024_Wielandst-rassen-News_Elterninformation.pdf\">Kurze_April-Info_2024_Wielandst ra\u00dfen-News_Elterninformation<\/a><\/p>\n<p><a href=\"https:\/\/schule-wielandstrasse.hamburg.de\/wp-content\/uploads\/sites\/121\/2024\/03\/Maerz_2024_Wielandstrassen-News_Elterninformation.pdf\">M\u00e4rz_2024_Wielandstra\u00dfen-News_Elterninformation<\/a><\/p>\n<p><a href=\"https:\/\/schule-wielandstrasse.hamburg.de\/wp-content\/uploads\/sites\/121\/2024\/01\/Februar_2024_Wielandstrassen-News_Elterninformation-.pdf\">Februar_2024_Wielandstra\u00dfen-News_Elterninformation<\/a><\/p>\n<p><a href=\"https:\/\/schule-wielandstrasse.hamburg.de\/wp-content\/uploads\/sites\/121\/2023\/12\/Januar_2024_Wielandstrassen-News_Elterninformation.pdf\">Januar_2024_Wielandstra\u00dfen-News_Elterninformation<\/a><\/p>\n<p><a href=\"https:\/\/schule-wielandstrasse.hamburg.de\/wp-content\/uploads\/sites\/121\/2023\/12\/Dezember_2023_Wielandstrassen-News_Elterninformation.pdf\">Dezember_2023_Wielandstra\u00dfen-News_Elterninformation<\/a><\/p>\n<p><a href=\"https:\/\/schule-wielandstrasse.hamburg.de\/wp-content\/uploads\/sites\/121\/2023\/11\/November_2023_Wielandstrassen-News_Elterninformation.pdf\">November_2023_Wielandstra\u00dfen-News_Elterninformation<\/a><\/p>\n<p><a href=\"https:\/\/schule-wielandstrasse.hamburg.de\/wp-content\/uploads\/sites\/121\/2023\/11\/Oktober_2023_Wielandstrassen-News_Elterninformation.pdf\">Oktober_2023_Wielandstra\u00dfen-News_Elterninformation<\/a><\/p>\n<p><a href=\"https:\/\/schule-wielandstrasse.hamburg.de\/wp-content\/uploads\/sites\/121\/2023\/09\/September_2023_Wielandstrassen-News_Elterninformation2.pdf\">September_2023_Wielandstra\u00dfen-News_Elterninformation2<\/a><\/p>\n<p><a href=\"https:\/\/schule-wielandstrasse.hamburg.de\/wp-content\/uploads\/sites\/121\/2023\/07\/August_2023_Wielandstrassen-News_Elterninformation.pdf\">August_2023_Wielandstra\u00dfen-News_Elterninformation<\/a><\/p>\n<p><a href=\"https:\/\/schule-wielandstrasse.hamburg.de\/wp-content\/uploads\/sites\/121\/2023\/05\/Juni-Juli_2023_Wielandstrassen-News_Elterninf-ormation.pdf\">Juni-Juli_2023_Wielandstra\u00dfen-News_Elterninf ormation<\/a><\/p>\n<p><a href=\"https:\/\/schule-wielandstrasse.hamburg.de\/wp-content\/uploads\/sites\/121\/2023\/05\/Mai_2023_Wielandstrassen-News_Elterninformation.pdf\">Mai_2023_Wielandstra\u00dfen-News_Elterninformation<\/a><\/p>\n<p><a href=\"https:\/\/schule-wielandstrasse.hamburg.de\/wp-content\/uploads\/sites\/121\/2023\/04\/April_2023_Wielandstrassen-News_Elterninformation.p-df.pdf\">April_2023_Wielandstra\u00dfen-News_Elterninformation.p df<\/a><\/p>\n<p><a href=\"https:\/\/schule-wielandstrasse.hamburg.de\/wp-content\/uploads\/sites\/121\/2023\/02\/Maerz_2023_Wielandstrassen-News_Elterninformation.pdf\">M\u00e4rz_2023_Wielandstra\u00dfen-News_Elterninformation<\/a><\/p>\n<p><a href=\"https:\/\/schule-wielandstrasse.hamburg.de\/wp-content\/uploads\/sites\/121\/2023\/01\/Februar_2023_Wielandstrassen-News_Elterninformation-.pdf\">Februar_2023_Wielandstra\u00dfen-News_Elterninformation<\/a><\/p>\n<p><a href=\"https:\/\/schule-wielandstrasse.hamburg.de\/wp-content\/uploads\/sites\/121\/2022\/12\/Januar_2022_Wielandstrassen-News_Elterninformation.-pdf.pdf\">Januar_2022_Wielandstra\u00dfen-News_Elterninformation. pdf<\/a><\/p>\n<p><a href=\"https:\/\/schule-wielandstrasse.hamburg.de\/wp-content\/uploads\/sites\/121\/2022\/12\/Dezember_2022_Wielandstrassen-News_Elterninformation.pdf\">Dezember_2022_Wielandstra\u00dfen-News_Elterninformation<\/a><\/p>\n<p><a href=\"https:\/\/schule-wielandstrasse.hamburg.de\/wp-content\/uploads\/sites\/121\/2022\/10\/November_2022_Wielandstrassen-News_Elterninformation.pdf\">November_2022_Wielandstra\u00dfen-News_Elterninformation<\/a><\/p>\n<p>Oktober_2022_Wielandstra\u00dfen-News_Elterninformation<\/p>\n<p><a href=\"https:\/\/schule-wielandstrasse.hamburg.de\/wp-content\/uploads\/sites\/121\/2022\/10\/August_2022_Wielandstrassen-News_Elterninformation.pdf\">August_2022_Wielandstra\u00dfen-News_Elterninformation<\/a><\/p>\n<p><a href=\"https:\/\/schule-wielandstrasse.hamburg.de\/wp-content\/uploads\/sites\/121\/2022\/07\/Juli_2022_Wielandstrassen-News_Elterninformation.pdf\" target=\"_blank\" rel=\"noopener\">Juli_2022_Wielandstra\u00dfen-News_Elterninformation<\/a><\/p>\n<p><a href=\"https:\/\/schule-wielandstrasse.hamburg.de\/wp-content\/uploads\/sites\/121\/2022\/06\/Juni_2022_Wielandstrassen-News_Elterninformat-ion-1.pdf\" target=\"_blank\" rel=\"noopener\">Juni_2022_Wielandstra\u00dfen-News_Elterninformation<\/a><\/p>\n<p><a href=\"https:\/\/schule-wielandstrasse.hamburg.de\/wp-content\/uploads\/sites\/121\/2022\/10\/Mai_2022_Wielandstrassen-News_Elterninformation.pdf\">Mai_2022_Wielandstra\u00dfen-News_Elterninformation<\/a><\/p>\n<p><a href=\"https:\/\/schule-wielandstrasse.hamburg.de\/wp-content\/uploads\/sites\/121\/2022\/03\/April2_2022_Wielandstrassen-News_Elterninformation.pdf\" target=\"_blank\" rel=\"noopener\">Wieland-News April 22\/2<\/a><\/p>\n<p><a href=\"https:\/\/schule-wielandstrasse.hamburg.de\/wp-content\/uploads\/sites\/121\/2022\/03\/April_2022_Wielandstrassen-News_Elterninforma-tion.pdf\" target=\"_blank\" rel=\"noopener\">April_2022_Wielandstra\u00dfen-News_Elterninformation<\/a><\/p>\n","protected":false},"excerpt":{"rendered":"<p>Hier erfahren Sie aktuelles aus der Schule: Februar_2026_Wielandstra\u00dfen-News_Elterninformation Januar_2026_Wielandstra\u00dfen-News_Elterninformation Dezember_2025_Wielandstra\u00dfen-News_Elterninformation November_2025_Wielandstra\u00dfen-News_Elterninformation Oktober_2025_Wielandstra\u00dfen-News_Elterninformation September_2025_Wielandstra\u00dfen-News_Elterninformation Juli_2025_Wielandstra\u00dfen-News_Elterninformation Juni_2025_Wielandstra\u00dfen-News_Elterninformation Mai_2025_Wielandstra\u00dfen-News_Elterninformation April_2025_Wielandstra\u00dfen-News_Elterninformation_komprimiert M\u00e4rz_2025_Wielandstra\u00dfen-News_Elterninformation Februar_2025_Wielandstra\u00dfen-News_Elterninformation Januar_2025_Wielandstra\u00dfen-News_ Dezember_Ausklang_2024_Wielandstra\u00dfen-News Dez_2024_Wielandstra\u00dfen-News_Elterninformation_komprimiert Okt-Nov_2024_Wielandstra\u00dfen-News_Elterninformation Okt_2024_Wielandstra\u00dfen-News_Elterninformation Sep-Okt_2024_Wielandstra\u00dfen-News_Elterninformation Aug-Sep_2024_Wielandstra\u00dfen-News_Elterninformation_ Juli_2024_Wielandstra\u00dfen-News_Elterninformation Juni_2024_Wielandstra\u00dfen-News_Elterninformation_komprimiert Mai_2024_Wielandstra\u00dfen-News_Elterninformation.komprimiert April_2024_Wielandstra\u00dfen-News_Elterninformation _komprimiert Kurze_April-Info_2024_Wielandst ra\u00dfen-News_Elterninformation M\u00e4rz_2024_Wielandstra\u00dfen-News_Elterninformation Februar_2024_Wielandstra\u00dfen-News_Elterninformation Januar_2024_Wielandstra\u00dfen-News_Elterninformation Dezember_2023_Wielandstra\u00dfen-News_Elterninformation November_2023_Wielandstra\u00dfen-News_Elterninformation Oktober_2023_Wielandstra\u00dfen-News_Elterninformation September_2023_Wielandstra\u00dfen-News_Elterninformation2 August_2023_Wielandstra\u00dfen-News_Elterninformation Juni-Juli_2023_Wielandstra\u00dfen-News_Elterninf ormation Mai_2023_Wielandstra\u00dfen-News_Elterninformation April_2023_Wielandstra\u00dfen-News_Elterninformation.p df M\u00e4rz_2023_Wielandstra\u00dfen-News_Elterninformation Februar_2023_Wielandstra\u00dfen-News_Elterninformation Januar_2022_Wielandstra\u00dfen-News_Elterninformation. pdf Dezember_2022_Wielandstra\u00dfen-News_Elterninformation November_2022_Wielandstra\u00dfen-News_Elterninformation Oktober_2022_Wielandstra\u00dfen-News_Elterninformation August_2022_Wielandstra\u00dfen-News_Elterninformation Juli_2022_Wielandstra\u00dfen-News_Elterninformation &hellip; <a href=\"https:\/\/schule-wielandstrasse.hamburg.de\/?page_id=4832\" class=\"more-link\"><span class=\"screen-reader-text\">Wieland-News<\/span> weiterlesen <span class=\"meta-nav\">&rarr;<\/span><\/a><\/p>\n","protected":false},"author":188,"featured_media":4850,"parent":0,"menu_order":0,"comment_status":"closed","ping_status":"closed","template":"","meta":{"_acf_changed":false,"footnotes":""},"class_list":["post-4832","page","type-page","status-publish","has-post-thumbnail","hentry"],"acf":[],"_links":{"self":[{"href":"https:\/\/schule-wielandstrasse.hamburg.de\/index.php?rest_route=\/wp\/v2\/pages\/4832","targetHints":{"allow":["GET"]}}],"collection":[{"href":"https:\/\/schule-wielandstrasse.hamburg.de\/index.php?rest_route=\/wp\/v2\/pages"}],"about":[{"href":"https:\/\/schule-wielandstrasse.hamburg.de\/index.php?rest_route=\/wp\/v2\/types\/page"}],"author":[{"embeddable":true,"href":"https:\/\/schule-wielandstrasse.hamburg.de\/index.php?rest_route=\/wp\/v2\/users\/188"}],"replies":[{"embeddable":true,"href":"https:\/\/schule-wielandstrasse.hamburg.de\/index.php?rest_route=%2Fwp%2Fv2%2Fcomments&post=4832"}],"version-history":[{"count":63,"href":"https:\/\/schule-wielandstrasse.hamburg.de\/index.php?rest_route=\/wp\/v2\/pages\/4832\/revisions"}],"predecessor-version":[{"id":10437,"href":"https:\/\/schule-wielandstrasse.hamburg.de\/index.php?rest_route=\/wp\/v2\/pages\/4832\/revisions\/10437"}],"wp:featuredmedia":[{"embeddable":true,"href":"https:\/\/schule-wielandstrasse.hamburg.de\/index.php?rest_route=\/wp\/v2\/media\/4850"}],"wp:attachment":[{"href":"https:\/\/schule-wielandstrasse.hamburg.de\/index.php?rest_route=%2Fwp%2Fv2%2Fmedia&parent=4832"}],"curies":[{"name":"wp","href":"https:\/\/api.w.org\/{rel}","templated":true}]}}