{"id":49,"date":"2015-02-28T13:54:07","date_gmt":"2015-02-28T13:54:07","guid":{"rendered":"http:\/\/schule-wielandstrasse.schulhomepages.hamburg.de\/?page_id=49"},"modified":"2023-11-01T15:09:39","modified_gmt":"2023-11-01T15:09:39","slug":"schulprofil-der-grundschule-wielandstrasse","status":"publish","type":"page","link":"https:\/\/schule-wielandstrasse.hamburg.de\/?page_id=49","title":{"rendered":"Schulprofil"},"content":{"rendered":"<p>Die Schule Wielandstra\u00dfe ist eine vier- f\u00fcnfz\u00fcgige Grundschule. Neben den Regelklassen, haben wir internationale Vorbereitungsklassen, Vorschulklassen und &nbsp;bilinguale Spanischklassen.<\/p>\n<p>Einen weiteren Schwerpunkt legen wir auf Umwelt- und gesellschaftliche Aspekte (Umweltschule seit 2021, &#8222;Gesund macht Schule&#8220; seit 2022)<br \/>\nSeit dem Schuljahr 2019\/20 sind wir zudem &#8222;bewegte Schule&#8220; geworden.&nbsp;<\/p>\n","protected":false},"excerpt":{"rendered":"<p>Die Schule Wielandstra\u00dfe ist eine vier- f\u00fcnfz\u00fcgige Grundschule. Neben den Regelklassen, haben wir internationale Vorbereitungsklassen, Vorschulklassen und &nbsp;bilinguale Spanischklassen. Einen weiteren Schwerpunkt legen wir auf Umwelt- und gesellschaftliche Aspekte (Umweltschule seit 2021, &#8222;Gesund macht Schule&#8220; seit 2022) Seit dem Schuljahr 2019\/20 sind wir zudem &#8222;bewegte Schule&#8220; geworden.&nbsp;<\/p>\n","protected":false},"author":188,"featured_media":315,"parent":17,"menu_order":0,"comment_status":"closed","ping_status":"closed","template":"","meta":{"_acf_changed":false,"footnotes":""},"class_list":["post-49","page","type-page","status-publish","has-post-thumbnail","hentry"],"acf":[],"_links":{"self":[{"href":"https:\/\/schule-wielandstrasse.hamburg.de\/index.php?rest_route=\/wp\/v2\/pages\/49","targetHints":{"allow":["GET"]}}],"collection":[{"href":"https:\/\/schule-wielandstrasse.hamburg.de\/index.php?rest_route=\/wp\/v2\/pages"}],"about":[{"href":"https:\/\/schule-wielandstrasse.hamburg.de\/index.php?rest_route=\/wp\/v2\/types\/page"}],"author":[{"embeddable":true,"href":"https:\/\/schule-wielandstrasse.hamburg.de\/index.php?rest_route=\/wp\/v2\/users\/188"}],"replies":[{"embeddable":true,"href":"https:\/\/schule-wielandstrasse.hamburg.de\/index.php?rest_route=%2Fwp%2Fv2%2Fcomments&post=49"}],"version-history":[{"count":8,"href":"https:\/\/schule-wielandstrasse.hamburg.de\/index.php?rest_route=\/wp\/v2\/pages\/49\/revisions"}],"predecessor-version":[{"id":8257,"href":"https:\/\/schule-wielandstrasse.hamburg.de\/index.php?rest_route=\/wp\/v2\/pages\/49\/revisions\/8257"}],"up":[{"embeddable":true,"href":"https:\/\/schule-wielandstrasse.hamburg.de\/index.php?rest_route=\/wp\/v2\/pages\/17"}],"wp:featuredmedia":[{"embeddable":true,"href":"https:\/\/schule-wielandstrasse.hamburg.de\/index.php?rest_route=\/wp\/v2\/media\/315"}],"wp:attachment":[{"href":"https:\/\/schule-wielandstrasse.hamburg.de\/index.php?rest_route=%2Fwp%2Fv2%2Fmedia&parent=49"}],"curies":[{"name":"wp","href":"https:\/\/api.w.org\/{rel}","templated":true}]}}