{"id":59,"date":"2015-02-28T14:04:11","date_gmt":"2015-02-28T14:04:11","guid":{"rendered":"http:\/\/schule-wielandstrasse.schulhomepages.hamburg.de\/?page_id=59"},"modified":"2017-11-19T17:53:04","modified_gmt":"2017-11-19T17:53:04","slug":"unser-leitbild","status":"publish","type":"page","link":"https:\/\/schule-wielandstrasse.hamburg.de\/?page_id=59","title":{"rendered":"Unser Leitbild"},"content":{"rendered":"<div class=\"maintext\"><\/div>\n<div class=\"maintext\">\u00a0<strong>Was uns leitet<\/strong><\/div>\n<div class=\"maintext\">Kinder unterschiedlicher Herkunft lernen an unserer Schule. Deswegen ist es f\u00fcr unsere Schulgemeinschaft wichtig, dass wir Offenheit und Toleranz entwickeln und gemeinsame Werte in Erziehung und Bildung finden.<\/div>\n<div class=\"maintext\">\n<p>Wir verstehen unsere Vielfalt als Bereicherung und gestalten damit ein buntes Schulleben.Kinder \u00fcbernehmen im Laufe ihrer Primarschulzeit Schritt f\u00fcr Schritt die eigenverantwortliche Gestaltung ihrer Lernprozesse. Wir verstehen Lernen als aktiven Prozess, in dem sich Kinder individuellen Herausforderungen stellen, Anerkennung erhalten und Freude erfahren.Wir arbeiten mit allen der Schule verbundenen Menschen und Institutionen partnerschaftlich zusammen. Freundlichkeit und gegenseitige Achtung pr\u00e4gen unser Miteinander.Unsere Schulgemeinschaft besteht aus allen am Erziehungsprozess Beteiligten. Mit ihren M\u00f6glichkeiten und Qualifikationen sind sie f\u00fcr die Umsetzung des Leitbildes verantwortlich.<\/p>\n<ul>\n<li>Wir unterst\u00fctzen Kinder darin, ihre Pers\u00f6nlichkeit und ihr Verantwortungsbewusstsein weiter zu entwickeln.<\/li>\n<li>Wir f\u00f6rdern und fordern eigenverantwortliches Lernen<\/li>\n<li>Wir gehen respektvoll, vertrauensvoll und wertsch\u00e4tzend miteinander um und halten uns an Abmachungen.<\/li>\n<li>Wir gestalten den Schulalltag und das Schuljahr gemeinsam.<\/li>\n<li>Wir tragen unser Schulleben nach au\u00dfen.<\/li>\n<li>Wir arbeiten mit verschiedenen Institutionen zusammen und bereichern unseren Stadtteil.<\/li>\n<li>Wir verstehen Lernen als aktiven Prozess und betrachten Bewegung als wichtigen Bestandteil des Lernens.<\/li>\n<\/ul>\n<p><a href=\"https:\/\/schule-wielandstrasse.hamburg.de\/wp-content\/uploads\/sites\/121\/2015\/02\/Leits\u00e4tze_neu_gelb_A0-neu.pdf\">Plakat zu unseren Leits\u00e4tzen<\/a><\/p>\n<\/div>\n","protected":false},"excerpt":{"rendered":"<p>\u00a0Was uns leitet Kinder unterschiedlicher Herkunft lernen an unserer Schule. Deswegen ist es f\u00fcr unsere Schulgemeinschaft wichtig, dass wir Offenheit und Toleranz entwickeln und gemeinsame Werte in Erziehung und Bildung finden. Wir verstehen unsere Vielfalt als Bereicherung und gestalten damit ein buntes Schulleben.Kinder \u00fcbernehmen im Laufe ihrer Primarschulzeit Schritt f\u00fcr Schritt die eigenverantwortliche Gestaltung ihrer &hellip; <a href=\"https:\/\/schule-wielandstrasse.hamburg.de\/?page_id=59\" class=\"more-link\"><span class=\"screen-reader-text\">Unser Leitbild<\/span> weiterlesen <span class=\"meta-nav\">&rarr;<\/span><\/a><\/p>\n","protected":false},"author":188,"featured_media":318,"parent":49,"menu_order":0,"comment_status":"closed","ping_status":"open","template":"","meta":{"_acf_changed":false,"footnotes":""},"class_list":["post-59","page","type-page","status-publish","has-post-thumbnail","hentry"],"acf":[],"_links":{"self":[{"href":"https:\/\/schule-wielandstrasse.hamburg.de\/index.php?rest_route=\/wp\/v2\/pages\/59","targetHints":{"allow":["GET"]}}],"collection":[{"href":"https:\/\/schule-wielandstrasse.hamburg.de\/index.php?rest_route=\/wp\/v2\/pages"}],"about":[{"href":"https:\/\/schule-wielandstrasse.hamburg.de\/index.php?rest_route=\/wp\/v2\/types\/page"}],"author":[{"embeddable":true,"href":"https:\/\/schule-wielandstrasse.hamburg.de\/index.php?rest_route=\/wp\/v2\/users\/188"}],"replies":[{"embeddable":true,"href":"https:\/\/schule-wielandstrasse.hamburg.de\/index.php?rest_route=%2Fwp%2Fv2%2Fcomments&post=59"}],"version-history":[{"count":1,"href":"https:\/\/schule-wielandstrasse.hamburg.de\/index.php?rest_route=\/wp\/v2\/pages\/59\/revisions"}],"predecessor-version":[{"id":607,"href":"https:\/\/schule-wielandstrasse.hamburg.de\/index.php?rest_route=\/wp\/v2\/pages\/59\/revisions\/607"}],"up":[{"embeddable":true,"href":"https:\/\/schule-wielandstrasse.hamburg.de\/index.php?rest_route=\/wp\/v2\/pages\/49"}],"wp:featuredmedia":[{"embeddable":true,"href":"https:\/\/schule-wielandstrasse.hamburg.de\/index.php?rest_route=\/wp\/v2\/media\/318"}],"wp:attachment":[{"href":"https:\/\/schule-wielandstrasse.hamburg.de\/index.php?rest_route=%2Fwp%2Fv2%2Fmedia&parent=59"}],"curies":[{"name":"wp","href":"https:\/\/api.w.org\/{rel}","templated":true}]}}