{"id":8628,"date":"2024-03-05T15:43:40","date_gmt":"2024-03-05T15:43:40","guid":{"rendered":"https:\/\/schule-wielandstrasse.hamburg.de\/?page_id=8628"},"modified":"2024-10-23T13:04:45","modified_gmt":"2024-10-23T13:04:45","slug":"schulinspektion","status":"publish","type":"page","link":"https:\/\/schule-wielandstrasse.hamburg.de\/?page_id=8628","title":{"rendered":"Schulinspektion"},"content":{"rendered":"<p>Die Schulinspektion war im April 2024 bei uns an der Schule zu Besuch.&nbsp;<br \/>\nNeben der Unterrichtsbeobachtung und den Einblick in den Nachmittag gab es auch viele Interviews und Gespr\u00e4chsrunden &#8211; mit Eltern, Kindern und Personal.<br \/>\nDie Ergebnisse der Inspektion wurden unserer Schul\u00f6ffentlichkeit vorgestellt und erkl\u00e4rt. Einen \u00dcberblick dazu finden Sie hier: <a href=\"https:\/\/www.hamburg.de\/resource\/blob\/868470\/1bd957b9009feb5ac1ced75cac53582d\/wielandstrasse-3-zyklus-data.pdf\">Schulinspektionsbericht Schule Wielandstra\u00dfe<\/a><\/p>\n<p>&nbsp;<\/p>\n<p>&nbsp;<\/p>\n<p>&nbsp;<\/p>\n<p>&nbsp;<\/p>\n","protected":false},"excerpt":{"rendered":"<p>Die Schulinspektion war im April 2024 bei uns an der Schule zu Besuch.&nbsp; Neben der Unterrichtsbeobachtung und den Einblick in den Nachmittag gab es auch viele Interviews und Gespr\u00e4chsrunden &#8211; mit Eltern, Kindern und Personal. Die Ergebnisse der Inspektion wurden unserer Schul\u00f6ffentlichkeit vorgestellt und erkl\u00e4rt. Einen \u00dcberblick dazu finden Sie hier: Schulinspektionsbericht Schule Wielandstra\u00dfe &nbsp; &hellip; <a href=\"https:\/\/schule-wielandstrasse.hamburg.de\/?page_id=8628\" class=\"more-link\"><span class=\"screen-reader-text\">Schulinspektion<\/span> weiterlesen <span class=\"meta-nav\">&rarr;<\/span><\/a><\/p>\n","protected":false},"author":188,"featured_media":7296,"parent":0,"menu_order":0,"comment_status":"closed","ping_status":"closed","template":"","meta":{"_acf_changed":false,"footnotes":""},"class_list":["post-8628","page","type-page","status-publish","has-post-thumbnail","hentry"],"acf":[],"_links":{"self":[{"href":"https:\/\/schule-wielandstrasse.hamburg.de\/index.php?rest_route=\/wp\/v2\/pages\/8628","targetHints":{"allow":["GET"]}}],"collection":[{"href":"https:\/\/schule-wielandstrasse.hamburg.de\/index.php?rest_route=\/wp\/v2\/pages"}],"about":[{"href":"https:\/\/schule-wielandstrasse.hamburg.de\/index.php?rest_route=\/wp\/v2\/types\/page"}],"author":[{"embeddable":true,"href":"https:\/\/schule-wielandstrasse.hamburg.de\/index.php?rest_route=\/wp\/v2\/users\/188"}],"replies":[{"embeddable":true,"href":"https:\/\/schule-wielandstrasse.hamburg.de\/index.php?rest_route=%2Fwp%2Fv2%2Fcomments&post=8628"}],"version-history":[{"count":4,"href":"https:\/\/schule-wielandstrasse.hamburg.de\/index.php?rest_route=\/wp\/v2\/pages\/8628\/revisions"}],"predecessor-version":[{"id":9559,"href":"https:\/\/schule-wielandstrasse.hamburg.de\/index.php?rest_route=\/wp\/v2\/pages\/8628\/revisions\/9559"}],"wp:featuredmedia":[{"embeddable":true,"href":"https:\/\/schule-wielandstrasse.hamburg.de\/index.php?rest_route=\/wp\/v2\/media\/7296"}],"wp:attachment":[{"href":"https:\/\/schule-wielandstrasse.hamburg.de\/index.php?rest_route=%2Fwp%2Fv2%2Fmedia&parent=8628"}],"curies":[{"name":"wp","href":"https:\/\/api.w.org\/{rel}","templated":true}]}}