{"id":9393,"date":"2024-09-12T17:55:37","date_gmt":"2024-09-12T17:55:37","guid":{"rendered":"https:\/\/schule-wielandstrasse.hamburg.de\/?page_id=9393"},"modified":"2025-02-11T15:36:26","modified_gmt":"2025-02-11T15:36:26","slug":"beratung-2","status":"publish","type":"page","link":"https:\/\/schule-wielandstrasse.hamburg.de\/?page_id=9393","title":{"rendered":"Beratung"},"content":{"rendered":"<p style=\"font-weight: 400\"><strong>Wer sind wir?<\/strong><br \/>\nWir , Natalia Consul (spanisch\/deutsch) und Jasmin Neumann, sind die Beratungslehrerinnen an unserer Schule. Zu uns k\u00f6nnen Kinder, Eltern und Lehrkr\u00e4fte kommen, wenn sie Unterst\u00fctzung in einer herausfordernden Situation ben\u00f6tigen.<\/p>\n<p style=\"font-weight: 400\">Unsere Beratung ist grunds\u00e4tzlich freiwillig, vertraulich, l\u00f6sungsorientiert, kostenlos und ergebnisoffen. F\u00fcr das Gelingen ist die&nbsp; Bereitschaft zur Ver\u00e4nderung des eigenen Verhaltens n\u00f6tig.<\/p>\n<p style=\"font-weight: 400\"><u>So sind wir zu erreichen:<\/u><\/p>\n<p style=\"font-weight: 400\">F\u00fcr die Kinder gibt es einen Briefkasten neben der&nbsp; Bibliothek. Einfach einen Zettel mit Namen und Klasse einwerfen. Jeden Freitag gibt es in der ersten Pause eine Sprechstunde. Kommt zum Beratungsraum in Haus D, Erdgeschoss, zwischen den beiden Vorschulklassen.<\/p>\n<p style=\"font-weight: 400\">Erwachsene melden sich bitte per Email: <a href=\"mailto:jasmin.neumann@wieland.hamburg.de\">jasmin.neumann@wieland.hamburg.de<\/a> oder <a href=\"natalia.consul@wieland.hamburg.de\">natalia.consul@wieland.hamburg.de<\/a> schnellstm\u00f6glich bei Ihnen.<\/p>\n<p style=\"font-weight: 400\"><strong><u>Beispiele f\u00fcr unsere Arbeit:<\/u><\/strong><\/p>\n<p style=\"font-weight: 400\"><strong>als Eltern:<\/strong><\/p>\n<p style=\"font-weight: 400\">&#8211; mein Kind m\u00f6chte nicht zur Schule<\/p>\n<p style=\"font-weight: 400\">&#8211; ich f\u00fchle mich \u00fcberfordert<\/p>\n<p style=\"font-weight: 400\">&#8211; wo kann ich Unterst\u00fctzung bekommen?<\/p>\n<p style=\"font-weight: 400\">\u2026<\/p>\n<p style=\"font-weight: 400\"><strong>als Kind:<\/strong><\/p>\n<p style=\"font-weight: 400\">&#8211; ich habe keine Freunde<\/p>\n<p style=\"font-weight: 400\">&#8211; ich mag nicht in die Schule kommen<\/p>\n<p style=\"font-weight: 400\">&#8211; zuhause ist es schwierig<\/p>\n<p style=\"font-weight: 400\">\u2026<\/p>\n<p><a href=\"https:\/\/schule-wielandstrasse.hamburg.de\/wp-content\/uploads\/sites\/121\/2024\/09\/Beratung.jpg\" data-rel=\"lightbox\" data-rl_title=\"\" data-rl_caption=\"\" title=\"\"><img loading=\"lazy\" decoding=\"async\" class=\"alignnone wp-image-9390\" src=\"https:\/\/schule-wielandstrasse.hamburg.de\/wp-content\/uploads\/sites\/121\/2024\/09\/Beratung.jpg\" alt=\"\" width=\"146\" height=\"129\"><\/a><\/p>\n<p style=\"font-weight: 400\"><strong><u>Presentaci\u00f3n del equipo consejero de la escuela Wielandstra\u00dfe<\/u><\/strong><\/p>\n<p style=\"font-weight: 400\"><strong>&nbsp;<\/strong><strong>El equipo de asesor\u00eda de la escuela est\u00e1 formado por dos maestras Jasm\u00edn Neumann y Natalia Consul.<\/strong><\/p>\n<p style=\"font-weight: 400\"><strong>Estamos a las \u00f3rdenes para asesorar a ni\u00f1os, padres, maestras y directores que se encuentran frente a nuevos desaf\u00edos.<\/strong><\/p>\n<p style=\"font-weight: 400\"><strong>Nuestra asesor\u00eda es libre y voluntaria, sin costo alguno, confidencial y dirigida a la b\u00fasqueda de soluciones.&nbsp; <\/strong><\/p>\n<p style=\"font-weight: 400\"><strong>La persona o personas que toman el servicio necesitan contar con la disposici\u00f3n a buscar y encontrar soluciones a los desaf\u00edos.<\/strong><\/p>\n<p style=\"font-weight: 400\"><strong>&nbsp;<\/strong><strong>Como nos pueden contactar?<\/strong><\/p>\n<p style=\"font-weight: 400\"><strong>Para los ni\u00f1os hay un buz\u00f3n, entre la Biblioteca y la sala de Espa\u00f1ol.&nbsp; Ellos pueden simplemente poner all\u00ed un papel con su nombre y su clase y una de nosotras los contacta a la brevedad.<\/strong><\/p>\n","protected":false},"excerpt":{"rendered":"<p>Wer sind wir? Wir , Natalia Consul (spanisch\/deutsch) und Jasmin Neumann, sind die Beratungslehrerinnen an unserer Schule. Zu uns k\u00f6nnen Kinder, Eltern und Lehrkr\u00e4fte kommen, wenn sie Unterst\u00fctzung in einer herausfordernden Situation ben\u00f6tigen. Unsere Beratung ist grunds\u00e4tzlich freiwillig, vertraulich, l\u00f6sungsorientiert, kostenlos und ergebnisoffen. F\u00fcr das Gelingen ist die&nbsp; Bereitschaft zur Ver\u00e4nderung des eigenen Verhaltens n\u00f6tig. &hellip; <a href=\"https:\/\/schule-wielandstrasse.hamburg.de\/?page_id=9393\" class=\"more-link\"><span class=\"screen-reader-text\">Beratung<\/span> weiterlesen <span class=\"meta-nav\">&rarr;<\/span><\/a><\/p>\n","protected":false},"author":188,"featured_media":9397,"parent":0,"menu_order":0,"comment_status":"closed","ping_status":"closed","template":"","meta":{"_acf_changed":false,"footnotes":""},"class_list":["post-9393","page","type-page","status-publish","has-post-thumbnail","hentry"],"acf":[],"_links":{"self":[{"href":"https:\/\/schule-wielandstrasse.hamburg.de\/index.php?rest_route=\/wp\/v2\/pages\/9393","targetHints":{"allow":["GET"]}}],"collection":[{"href":"https:\/\/schule-wielandstrasse.hamburg.de\/index.php?rest_route=\/wp\/v2\/pages"}],"about":[{"href":"https:\/\/schule-wielandstrasse.hamburg.de\/index.php?rest_route=\/wp\/v2\/types\/page"}],"author":[{"embeddable":true,"href":"https:\/\/schule-wielandstrasse.hamburg.de\/index.php?rest_route=\/wp\/v2\/users\/188"}],"replies":[{"embeddable":true,"href":"https:\/\/schule-wielandstrasse.hamburg.de\/index.php?rest_route=%2Fwp%2Fv2%2Fcomments&post=9393"}],"version-history":[{"count":3,"href":"https:\/\/schule-wielandstrasse.hamburg.de\/index.php?rest_route=\/wp\/v2\/pages\/9393\/revisions"}],"predecessor-version":[{"id":9868,"href":"https:\/\/schule-wielandstrasse.hamburg.de\/index.php?rest_route=\/wp\/v2\/pages\/9393\/revisions\/9868"}],"wp:featuredmedia":[{"embeddable":true,"href":"https:\/\/schule-wielandstrasse.hamburg.de\/index.php?rest_route=\/wp\/v2\/media\/9397"}],"wp:attachment":[{"href":"https:\/\/schule-wielandstrasse.hamburg.de\/index.php?rest_route=%2Fwp%2Fv2%2Fmedia&parent=9393"}],"curies":[{"name":"wp","href":"https:\/\/api.w.org\/{rel}","templated":true}]}}