{"id":9671,"date":"2024-11-10T17:03:16","date_gmt":"2024-11-10T17:03:16","guid":{"rendered":"https:\/\/schule-wielandstrasse.hamburg.de\/?page_id=9671"},"modified":"2025-10-07T12:29:36","modified_gmt":"2025-10-07T12:29:36","slug":"verkehrshelfer","status":"publish","type":"page","link":"https:\/\/schule-wielandstrasse.hamburg.de\/?page_id=9671","title":{"rendered":"Verkehrshelfer &#8211; Elterninitiative"},"content":{"rendered":"<p>Seit Oktober sind gibt es die Elterninitiative Verkehrshelferinnen und -helfer. Sie gestalten den Schulweg f\u00fcr die Kinder sicherer, indem sie an un\u00fcbersichtlichen Stra\u00dfenabschnitten stehen und die Kinder unterst\u00fctzen auf den Verkehr zu achten. Sie sind an der Kreuzung Wielandstrasse\/ Schellingstra\u00dfe und am Zebrastreifen Kantstrasse aktiv.<br \/>\nSie stehen dort zur Unterst\u00fctzung von Kindern die alleine \u00fcber die Stra\u00dfe gehen (ohne Eltern) und weisen auf Achtsamkeit im Stra\u00dfenverkehr hin. Ebenfalls stellen die Helfenden eine gr\u00f6\u00dfere R\u00fccksichtnahme bei Autofahrer:innen fest, wenn die leuchtende Warnweste der Verkehrshelfer:in zu sehen ist.<\/p>\n<p>\u00dcber weitere Unterst\u00fctzung w\u00fcrden wir uns sehr freuen. Wenn Sie dabei sein m\u00f6chten, melden Sie sich \u00fcber das Kontaktformular oder dem QR Code an.<\/p>\n\n<div class=\"wpcf7 no-js\" id=\"wpcf7-f9674-o1\" lang=\"de-DE\" dir=\"ltr\" data-wpcf7-id=\"9674\">\n<div class=\"screen-reader-response\"><p role=\"status\" aria-live=\"polite\" aria-atomic=\"true\"><\/p> <ul><\/ul><\/div>\n<form  action=\"\/index.php?rest_route=%2Fwp%2Fv2%2Fpages%2F9671#wpcf7-f9674-o1\" method=\"post\" class=\"wpcf7-form init\" aria-label=\"Kontaktformular\" novalidate=\"novalidate\" data-status=\"init\"><p><stong><a target=\"_blank\" class=\"privacy-policy-link\" href=\"https:\/\/schulhomepages.hamburg.de\/?page_id=2954\">Datenschutzerkl\u00e4rung<\/a><\/strong><\/p>\n\n<fieldset class=\"hidden-fields-container\"><input type=\"hidden\" name=\"_wpcf7\" value=\"9674\" \/><input type=\"hidden\" name=\"_wpcf7_version\" value=\"6.1.5\" \/><input type=\"hidden\" name=\"_wpcf7_locale\" value=\"de_DE\" \/><input type=\"hidden\" name=\"_wpcf7_unit_tag\" value=\"wpcf7-f9674-o1\" \/><input type=\"hidden\" name=\"_wpcf7_container_post\" value=\"0\" \/><input type=\"hidden\" name=\"_wpcf7_posted_data_hash\" value=\"\" \/>\n<\/fieldset>\n<p><label> Dein Name<br \/>\n<span class=\"wpcf7-form-control-wrap\" data-name=\"your-name\"><input size=\"40\" maxlength=\"400\" class=\"wpcf7-form-control wpcf7-text wpcf7-validates-as-required\" autocomplete=\"name\" aria-required=\"true\" aria-invalid=\"false\" value=\"\" type=\"text\" name=\"your-name\" \/><\/span> <\/label>\n<\/p>\n<p><label> Deine E-Mail-Adresse<br \/>\n<span class=\"wpcf7-form-control-wrap\" data-name=\"your-email\"><input size=\"40\" maxlength=\"400\" class=\"wpcf7-form-control wpcf7-email wpcf7-validates-as-required wpcf7-text wpcf7-validates-as-email\" autocomplete=\"email\" aria-required=\"true\" aria-invalid=\"false\" value=\"\" type=\"email\" name=\"your-email\" \/><\/span> <\/label>\n<\/p>\n<p><label> Betreff<br \/>\n<span class=\"wpcf7-form-control-wrap\" data-name=\"your-subject\"><input size=\"40\" maxlength=\"400\" class=\"wpcf7-form-control wpcf7-text wpcf7-validates-as-required\" aria-required=\"true\" aria-invalid=\"false\" value=\"\" type=\"text\" name=\"your-subject\" \/><\/span> <\/label>\n<\/p>\n<p><label> Deine Nachricht\/ Mobilnummer erforderlich (optional)<br \/>\n<span class=\"wpcf7-form-control-wrap\" data-name=\"your-message\"><textarea cols=\"40\" rows=\"10\" maxlength=\"2000\" class=\"wpcf7-form-control wpcf7-textarea\" aria-invalid=\"false\" name=\"your-message\"><\/textarea><\/span> <\/label>\n<\/p>\n<p><input class=\"wpcf7-form-control wpcf7-submit has-spinner\" type=\"submit\" value=\"Senden\" \/>\n<\/p><div class=\"frc-captcha \" data-sitekey=\"FCMRHFDCMSUPHONE\" data-lang=\"de\" ><\/div>\n\t\t<noscript>You need to enable Javascript for the anti-spam check.<\/noscript><div class=\"wpcf7-response-output\" aria-hidden=\"true\"><\/div>\n<\/form>\n<\/div>\n\n<p><a href=\"https:\/\/schule-wielandstrasse.hamburg.de\/wp-content\/uploads\/sites\/121\/2024\/12\/b5e2f91b-4283-4509-ab8c-44cf66bf8b15.jpg\" data-rel=\"lightbox\" data-rl_title=\"\" data-rl_caption=\"\" title=\"\"><img loading=\"lazy\" decoding=\"async\" class=\"alignnone size-large wp-image-9743\" src=\"https:\/\/schule-wielandstrasse.hamburg.de\/wp-content\/uploads\/sites\/121\/2024\/12\/b5e2f91b-4283-4509-ab8c-44cf66bf8b15-819x1024.jpg\" alt=\"\" width=\"474\" height=\"593\" srcset=\"https:\/\/schule-wielandstrasse.hamburg.de\/wp-content\/uploads\/sites\/121\/2024\/12\/b5e2f91b-4283-4509-ab8c-44cf66bf8b15-819x1024.jpg 819w, https:\/\/schule-wielandstrasse.hamburg.de\/wp-content\/uploads\/sites\/121\/2024\/12\/b5e2f91b-4283-4509-ab8c-44cf66bf8b15-240x300.jpg 240w, https:\/\/schule-wielandstrasse.hamburg.de\/wp-content\/uploads\/sites\/121\/2024\/12\/b5e2f91b-4283-4509-ab8c-44cf66bf8b15-768x960.jpg 768w, https:\/\/schule-wielandstrasse.hamburg.de\/wp-content\/uploads\/sites\/121\/2024\/12\/b5e2f91b-4283-4509-ab8c-44cf66bf8b15.jpg 1080w\" sizes=\"auto, (max-width: 474px) 100vw, 474px\" \/><\/a><\/p>\n","protected":false},"excerpt":{"rendered":"<p>Seit Oktober sind gibt es die Elterninitiative Verkehrshelferinnen und -helfer. Sie gestalten den Schulweg f\u00fcr die Kinder sicherer, indem sie an un\u00fcbersichtlichen Stra\u00dfenabschnitten stehen und die Kinder unterst\u00fctzen auf den Verkehr zu achten. Sie sind an der Kreuzung Wielandstrasse\/ Schellingstra\u00dfe und am Zebrastreifen Kantstrasse aktiv. Sie stehen dort zur Unterst\u00fctzung von Kindern die alleine \u00fcber &hellip; <a href=\"https:\/\/schule-wielandstrasse.hamburg.de\/?page_id=9671\" class=\"more-link\"><span class=\"screen-reader-text\">Verkehrshelfer &#8211; Elterninitiative<\/span> weiterlesen <span class=\"meta-nav\">&rarr;<\/span><\/a><\/p>\n","protected":false},"author":188,"featured_media":9753,"parent":0,"menu_order":0,"comment_status":"closed","ping_status":"closed","template":"","meta":{"_acf_changed":false,"footnotes":""},"class_list":["post-9671","page","type-page","status-publish","has-post-thumbnail","hentry"],"acf":[],"_links":{"self":[{"href":"https:\/\/schule-wielandstrasse.hamburg.de\/index.php?rest_route=\/wp\/v2\/pages\/9671","targetHints":{"allow":["GET"]}}],"collection":[{"href":"https:\/\/schule-wielandstrasse.hamburg.de\/index.php?rest_route=\/wp\/v2\/pages"}],"about":[{"href":"https:\/\/schule-wielandstrasse.hamburg.de\/index.php?rest_route=\/wp\/v2\/types\/page"}],"author":[{"embeddable":true,"href":"https:\/\/schule-wielandstrasse.hamburg.de\/index.php?rest_route=\/wp\/v2\/users\/188"}],"replies":[{"embeddable":true,"href":"https:\/\/schule-wielandstrasse.hamburg.de\/index.php?rest_route=%2Fwp%2Fv2%2Fcomments&post=9671"}],"version-history":[{"count":8,"href":"https:\/\/schule-wielandstrasse.hamburg.de\/index.php?rest_route=\/wp\/v2\/pages\/9671\/revisions"}],"predecessor-version":[{"id":9805,"href":"https:\/\/schule-wielandstrasse.hamburg.de\/index.php?rest_route=\/wp\/v2\/pages\/9671\/revisions\/9805"}],"wp:featuredmedia":[{"embeddable":true,"href":"https:\/\/schule-wielandstrasse.hamburg.de\/index.php?rest_route=\/wp\/v2\/media\/9753"}],"wp:attachment":[{"href":"https:\/\/schule-wielandstrasse.hamburg.de\/index.php?rest_route=%2Fwp%2Fv2%2Fmedia&parent=9671"}],"curies":[{"name":"wp","href":"https:\/\/api.w.org\/{rel}","templated":true}]}}